{"id":18,"date":"2019-01-06T19:53:26","date_gmt":"2019-01-06T19:53:26","guid":{"rendered":"http:\/\/beta.fusspflege-fuenfzehen.de\/?page_id=18"},"modified":"2019-02-10T21:02:01","modified_gmt":"2019-02-10T20:02:01","slug":"willkommen","status":"publish","type":"page","link":"https:\/\/beta.fusspflege-fuenfzehen.de\/","title":{"rendered":"Willkommen"},"content":{"rendered":"\n<p> Ich freue mich sehr Sie auf meiner Website<br>\u201e<strong>www.fusspflege-fuenfzehen.de<\/strong>\u201c&nbsp;begr\u00fc\u00dfen zu d\u00fcrfen.<\/p>\n\n\n\n<p>Mein Name ist Antje J\u00fcngling, ich bin&nbsp;<strong>examinierte Krankenschwester<\/strong>&nbsp;und weitergebildet im Sondergebiet der&nbsp;<strong>Fu\u00dfpflege.<\/strong><\/p>\n\n\n\n<p>Hier pr\u00e4sentiere ich meine mobile Fu\u00dfpflege und stelle deren Serviceleistungen Rund um den&nbsp;<strong>gesunden Fu\u00df<\/strong>&nbsp;vor, die ich gerne auch direkt bei Ihnen zu Hause in Trier und ~10km Umgebung erbringe.<\/p>\n\n\n\n<p><\/p>\n\n\n\n<p>Zur Beantwortung offener Fragen, beispielsweise zu meinen Leistungen oder f\u00fcr eine Terminreservierung, besteht neben einer telefonischen Kontaktaufnahme unter 0651\/56124-15 die M\u00f6glichkeit mir per eMail eine Nachricht zu \u00fcbermitteln.\u00a0<\/p>\n\n\n\n<p>Ich freue mich auf Ihre Terminanfrage!&nbsp;<\/p>\n\n\n\n<p>Ihre Antje J\u00fcngling\n\n<\/p>\n","protected":false},"excerpt":{"rendered":"<p>Ich freue mich sehr Sie auf meiner Website\u201ewww.fusspflege-fuenfzehen.de\u201c&nbsp;begr\u00fc\u00dfen zu d\u00fcrfen. Mein Name ist Antje J\u00fcngling, ich bin&nbsp;examinierte Krankenschwester&nbsp;und weitergebildet im Sondergebiet der&nbsp;Fu\u00dfpflege. Hier pr\u00e4sentiere ich meine mobile Fu\u00dfpflege und stelle deren Serviceleistungen Rund um den&nbsp;gesunden Fu\u00df&nbsp;vor, die ich gerne auch direkt bei Ihnen zu Hause in Trier und ~10km Umgebung erbringe. Zur Beantwortung offener Fragen, &hellip; <\/p>\n<p class=\"link-more\"><a href=\"https:\/\/beta.fusspflege-fuenfzehen.de\/\" class=\"more-link\"><span class=\"screen-reader-text\">\u201eWillkommen\u201c<\/span> weiterlesen<\/a><\/p>\n","protected":false},"author":1,"featured_media":137,"parent":0,"menu_order":0,"comment_status":"closed","ping_status":"closed","template":"","meta":{"footnotes":""},"class_list":["post-18","page","type-page","status-publish","has-post-thumbnail","hentry"],"_links":{"self":[{"href":"https:\/\/beta.fusspflege-fuenfzehen.de\/index.php?rest_route=\/wp\/v2\/pages\/18","targetHints":{"allow":["GET"]}}],"collection":[{"href":"https:\/\/beta.fusspflege-fuenfzehen.de\/index.php?rest_route=\/wp\/v2\/pages"}],"about":[{"href":"https:\/\/beta.fusspflege-fuenfzehen.de\/index.php?rest_route=\/wp\/v2\/types\/page"}],"author":[{"embeddable":true,"href":"https:\/\/beta.fusspflege-fuenfzehen.de\/index.php?rest_route=\/wp\/v2\/users\/1"}],"replies":[{"embeddable":true,"href":"https:\/\/beta.fusspflege-fuenfzehen.de\/index.php?rest_route=%2Fwp%2Fv2%2Fcomments&post=18"}],"version-history":[{"count":6,"href":"https:\/\/beta.fusspflege-fuenfzehen.de\/index.php?rest_route=\/wp\/v2\/pages\/18\/revisions"}],"predecessor-version":[{"id":159,"href":"https:\/\/beta.fusspflege-fuenfzehen.de\/index.php?rest_route=\/wp\/v2\/pages\/18\/revisions\/159"}],"wp:featuredmedia":[{"embeddable":true,"href":"https:\/\/beta.fusspflege-fuenfzehen.de\/index.php?rest_route=\/wp\/v2\/media\/137"}],"wp:attachment":[{"href":"https:\/\/beta.fusspflege-fuenfzehen.de\/index.php?rest_route=%2Fwp%2Fv2%2Fmedia&parent=18"}],"curies":[{"name":"wp","href":"https:\/\/api.w.org\/{rel}","templated":true}]}}