{"id":14,"date":"2019-01-06T19:52:01","date_gmt":"2019-01-06T19:52:01","guid":{"rendered":"http:\/\/beta.fusspflege-fuenfzehen.de\/?page_id=14"},"modified":"2019-01-17T00:26:23","modified_gmt":"2019-01-16T23:26:23","slug":"meine-leistungen","status":"publish","type":"page","link":"https:\/\/beta.fusspflege-fuenfzehen.de\/?page_id=14","title":{"rendered":"meine Leistungen"},"content":{"rendered":"\n<p><strong>Leistungen<\/strong><\/p>\n\n\n\n<p>gesundheitserhaltende Fu\u00dfpflege mit abschlie\u00dfender Fu\u00dfmassage<br><em>-keine HEILBEHANDLUNG- (Dauer: ca. 45min.)<\/em> <\/p>\n\n\n\n<p><\/p>\n\n\n\n<ul class=\"wp-block-list\"><li>k\u00fcrzen der Fu\u00dfn\u00e4gel mit Entfernung der Nagelhaut ohne pathologischen Befund<\/li><li>sondieren der Nagelfalzen<\/li><li>abtragen von Hornhaut und Schwielen ohne pathologischen Befund<\/li><li>unblutiges entfernen von H\u00fchneraugen<\/li><li>Fussmassage mit entsprechenden Pflegemitteln<\/li><\/ul>\n\n\n\n<p><\/p>\n\n\n\n<ul class=\"wp-block-list\"><li>optional gegen Aufpreis: lackieren der Fu\u00dfn\u00e4gel<\/li><\/ul>\n\n\n\n<h2 class=\"wp-block-heading\"><\/h2>\n\n\n\n<p><strong>Preise<\/strong><\/p>\n\n\n\n<p>Je nach Einsatzort variierend, deshalb nur auf Anfrage<\/p>\n","protected":false},"excerpt":{"rendered":"<p>Leistungen gesundheitserhaltende Fu\u00dfpflege mit abschlie\u00dfender Fu\u00dfmassage-keine HEILBEHANDLUNG- (Dauer: ca. 45min.) k\u00fcrzen der Fu\u00dfn\u00e4gel mit Entfernung der Nagelhaut ohne pathologischen Befund sondieren der Nagelfalzen abtragen von Hornhaut und Schwielen ohne pathologischen Befund unblutiges entfernen von H\u00fchneraugen Fussmassage mit entsprechenden Pflegemitteln optional gegen Aufpreis: lackieren der Fu\u00dfn\u00e4gel Preise Je nach Einsatzort variierend, deshalb nur auf Anfrage<\/p>\n","protected":false},"author":1,"featured_media":130,"parent":0,"menu_order":0,"comment_status":"closed","ping_status":"closed","template":"","meta":{"footnotes":""},"class_list":["post-14","page","type-page","status-publish","has-post-thumbnail","hentry"],"_links":{"self":[{"href":"https:\/\/beta.fusspflege-fuenfzehen.de\/index.php?rest_route=\/wp\/v2\/pages\/14","targetHints":{"allow":["GET"]}}],"collection":[{"href":"https:\/\/beta.fusspflege-fuenfzehen.de\/index.php?rest_route=\/wp\/v2\/pages"}],"about":[{"href":"https:\/\/beta.fusspflege-fuenfzehen.de\/index.php?rest_route=\/wp\/v2\/types\/page"}],"author":[{"embeddable":true,"href":"https:\/\/beta.fusspflege-fuenfzehen.de\/index.php?rest_route=\/wp\/v2\/users\/1"}],"replies":[{"embeddable":true,"href":"https:\/\/beta.fusspflege-fuenfzehen.de\/index.php?rest_route=%2Fwp%2Fv2%2Fcomments&post=14"}],"version-history":[{"count":4,"href":"https:\/\/beta.fusspflege-fuenfzehen.de\/index.php?rest_route=\/wp\/v2\/pages\/14\/revisions"}],"predecessor-version":[{"id":54,"href":"https:\/\/beta.fusspflege-fuenfzehen.de\/index.php?rest_route=\/wp\/v2\/pages\/14\/revisions\/54"}],"wp:featuredmedia":[{"embeddable":true,"href":"https:\/\/beta.fusspflege-fuenfzehen.de\/index.php?rest_route=\/wp\/v2\/media\/130"}],"wp:attachment":[{"href":"https:\/\/beta.fusspflege-fuenfzehen.de\/index.php?rest_route=%2Fwp%2Fv2%2Fmedia&parent=14"}],"curies":[{"name":"wp","href":"https:\/\/api.w.org\/{rel}","templated":true}]}}